ided by s(37)?
19
Let f = 451 + -445. Suppose -14*z = f*z - 2680. What is the remainder when z is divided by 15?
14
Suppose 4*b = 4*s - 1534 - 1566, -2329 = -3*s + 4*b. Calculate the remainder when s is divided by 25.
21
Let r(i) = 183*i + 1666. What is the remainder when 1211 is divided by r(-9)?
14
Suppose -166*i + 20*i = -2920. Calculate the remainder when 2678 is divided by i.
18
Suppose s = 4*x - 483, 27*x - 25*x + 3*s - 231 = 0. What is the remainder when 221 is divided by 3/((-952)/x + 8)?
41
Let l = -659 + 1421. Calculate the remainder when 2289 is divided by l.
3
Let k(m) = 4*m**2 + 93*m + 68. What is the remainder when 164 is divided by k(-23)?
29
Suppose -u = -5*v - 2109 + 633, 5*v = -5*u - 1470. Let q = -258 - v. What is the remainder when q is divided by 20?
17
Suppose 0 = 4*y - 1075 + 514 + 385. Calculate the remainder when 834 is divided by y.
42
Let y be -3 - (802/3 + 2/(-6)). Calculate the remainder when 28/42*y/(-4) is divided by 27.
18
Suppose 0 = 5*d - 25, 4*y - 5 = -2*d + 17. Suppose -67 = -4*s + 3*u + 17, 21 = s - y*u. What is the remainder when 6/(-4) + 405/10 is divided by s?
18
Calculate the remainder when 8/(-12)*259*-3 - (8 - 15) is divided by 153.
66
Suppose 0 = 5*u + 2*v - 153 + 62, 0 = 2*u + 5*v - 49. Suppose 5*y = 3*j + 2264, -5*j + 367 + 1005 = 3*y. What is the remainder when y is divided by u?
12
Let x = -28133 + 28140. Let k be 4/10*(3 - -292). Suppose -3*q = 5*m - k, -m = -0*m - 5*q - 46. Calculate the remainder when m is divided by x.
5
Suppose -3*m + 5*a - 148 = -728, 0 = -2*m - a + 404. What is the remainder when m is divided by 20?
0
Suppose -4*y = -0*y - 476. Let s = y - 85. Suppose t + 5*d - 14 = 17, -2*d = -4*t + 14. What is the remainder when s is divided by t?
4
Let o = -1911 + 1924. Suppose 0 = -5*p + 934 - 299. Calculate the remainder when p is divided by o.
10
Let h(i) = -478*i - 5332. What is the remainder when h(-61) is divided by 37?
35
Let t(g) = -3*g + 3. Suppose -4*b - 48 = 4*f + 172, -5*f + 4*b - 302 = 0. What is the remainder when t(-4) is divided by (8*9/30)/(f/(-145))?
3
Let b be 1 + (6 - (3 + -1)). Suppose -3*i - b*g = -228, i - 2*g = -5*g + 80. Let c(t) = 2*t**2 - 47*t + 141. Calculate the remainder when i is divided by c(3).
17
Suppose -3*i + 5*p - 2937 = -23726, 2*i - 13838 = -2*p. Calculate the remainder when i is divided by 11.
4
Let u be ((-12)/14)/((-9)/(-84)). What is the remainder when 1404/60*(2 + u/(-6)) is divided by 18?
6
Calculate the remainder when 20425 is divided by (-35)/(-2)*((-3555)/(-225) + -15).
13
Let z be ((-61)/(-6))/((-1)/(-6)). Let i = z - 44. Let q(j) = j**3 - 3*j**2 + 3*j + 4. Calculate the remainder when i is divided by q(3).
4
Calculate the remainder when 12 - (-10043)/(99/9) - 6 is divided by 132.
127
Let z(f) = -3*f**3 - 2*f**2 + 5*f - 31. Let r be z(-6). Suppose -11*c + r = -24. Calculate the remainder when c is divided by 13.
10
Suppose 12897*r = 12884*r + 1885. Calculate the remainder when 5362 is divided by r.
142
Let x = -2356 - -4241. Calculate the remainder when x is divided by 59.
56
Let b(d) = d**3 - 12*d**2 - d + 15. What is the remainder when 6/(-4) - (1350/(-36) + -1) is divided by b(12)?
1
Let q(g) = -5*g**2 + 18*g - 3. Let i(n) = -n**2 + 23*n + 52. Let l be i(25). Calculate the remainder when 25 is divided by q(l).
12
Suppose 3*v + 8 = 7*v. Suppose 4*n = -d + v*d - 12, -3*d = n + 16. What is the remainder when n/(-2) + (4 - -58 - -5) is divided by 24?
21
Suppose -k = -3*j + 14533, -2*j + k + 9686 = -k. Suppose -19*a = -j - 912. What is the remainder when a is divided by 16?
15
Let n = 445 + -442. Calculate the remainder when n + -2 + ((-72)/(-9) - -709) is divided by 18.
16
Let d(i) = 56*i + 296. Let x(f) = f**3 + 8*f**2 - f - 14. Let k be x(-8). Let u = 18 - k. Calculate the remainder when u is divided by d(-5).
8
Let r(u) = 16*u**3 + 3*u**2 - 3*u + 4. Suppose -4*b + 8 = -0*b. Let j = -22 + 42. What is the remainder when r(b) is divided by j?
18
Let q(o) = 8*o - 701. Calculate the remainder when q(91) is divided by 6.
3
Suppose -8*a = -a - 9149. Suppose 3*k = 5*o - a, -2*o + 10*k = 6*k - 534. Let u = o - 183. Calculate the remainder when u is divided by 22.
10
Suppose 12*p - 66 = 198. Suppose 3*s + s = -n - 18, 4*s = -4*n - 12. Suppose 0 = n*w - 246 + 76. Calculate the remainder when w is divided by p.
19
Suppose 4*r - 4*l = 24, 5*l - 16 = -1. Suppose 4*n + b = -0*n + 36, -n - 3*b + r = 0. Suppose 0 = 3*v - n - 0. What is the remainder when 6 is divided by v?
0
Suppose -2*r - 3198*m + 3195*m = -88, -4*m = -3*r + 149. What is the remainder when 1098 is divided by r?
17
Let l(c) be the second derivative of c**4/12 + 25*c**3/6 + 72*c**2 + 286*c. Calculate the remainder when l(-18) is divided by 12.
6
What is the remainder when ((-3)/(-15) + 1)/((594/(-1860))/(-33)) is divided by 105?
19
Let v(r) = -139*r + 1006. Calculate the remainder when 2637 is divided by v(7).
30
Let b = 33 - 32. Let v be ((-219)/21 + b)*-14. Suppose v = -18*i + 20*i. Calculate the remainder when i is divided by 17.
15
Let a(d) = -d - 88. Let y be a(-27). Let m be (-3 - -1) + (4 - 54). Let z = m - y. What is the remainder when 25 is divided by z?
7
Let p(g) = -g**3 - 6*g**2 - 2*g + 20. Suppose -4*d - 22*n + 26*n - 36 = 0, d + 4*n = 6. Calculate the remainder when 66 is divided by p(d).
2
Let r be 2/(-5) + 204/60. Calculate the remainder when 22 is divided by (-21)/(-12)*r + (-12)/48.
2
Let k = -257 - -279. Let z = 29 - 10. Suppose -s - z = -k. What is the remainder when 4 is divided by s?
1
Let j = -971 + 984. Let z = 12 + -18. Calculate the remainder when (-1168)/z + 10/(-15) is divided by j.
12
Suppose 2*x - 3*q - 65 = 0, -4*x + 0*q = 2*q - 122. Let z be (-2 + 4)/((-235)/40 - -6). Suppose z*s - 132 = 4*s. What is the remainder when x is divided by s?
9
Let d(u) = -u**2 + 19*u + 5. Let t be d(11). Let j = 98 - t. Suppose 6*f = 169 + j. What is the remainder when f is divided by 5?
4
Let l = -3157 - -3349. What is the remainder when 603 is divided by l?
27
Let p(w) = -47*w - 161. Let k(a) = -a**3 - 10*a**2 - 8*a + 2. Let d be k(-9). What is the remainder when p(d) is divided by 56?
0
Let a(q) = 5*q**2 - q + 7. What is the remainder when a(5) is divided by (-6)/78*-104*(-22)/(-8)?
17
Let z = -129 - -125. What is the remainder when (-3)/(-12) + (-131)/z is divided by (-63)/(-9) - (-4)/(-1)?
0
Let z(c) = -14*c**2 - 142*c - 9. Calculate the remainder when 886 is divided by z(-10).
6
Suppose 0 = s - 2*t - 67, -47*t + 357 = 5*s - 46*t. What is the remainder when 138 is divided by s?
67
Let l(f) = f**3 + 51*f**2 + 56*f + 312. What is the remainder when 2577 is divided by l(-50)?
9
Let a(x) = -353*x + 712. Calculate the remainder when a(-6) is divided by 6.
4
Let c(o) = -o**2 + 85*o + 1066. Calculate the remainder when 589 is divided by c(96).
9
Let o(j) = 46 + j + 12 - 3*j**3 + 4*j**3 + j**2. Suppose 15*l - 25 = 200. Calculate the remainder when o(0) is divided by l.
13
Suppose -174*a - 260 = -169*a. Let l = a + 79. What is the remainder when 106 is divided by l?
25
Let q(r) = -2*r - 10 + 10*r - 22*r - r. Let d be q(1). Let m(g) = -g**2 - 27*g - 46. What is the remainder when 9 is divided by m(d)?
1
Suppose 64*j - 181 = 267. Calculate the remainder when 15 is divided by j.
1
Let d(a) = -a**2 - 2*a + 80. Let c be d(18). Let g = c + 323. What is the remainder when g is divided by 15?
13
Let a be (-2*(-50)/5)/((-2)/(-8)). Suppose 8*b - 3*b + 2*v - 90 = 0, -5*b = 4*v - a. Let y = b + 16. Calculate the remainder when 99 is divided by y.
27
Let r be -1 + 0 + (12 + -6 - 29). What is the remainder when r/9*810/(-20) is divided by 14?
10
Let l(q) = -q**3 - 21*q**2 + 22*q + 79. Let v be (2 + (-48)/36)/((-1)/33). What is the remainder when l(v) is divided by 27?
25
Let b = -4009 - -4058. What is the remainder when 330 is divided by b?
36
Calculate the remainder when (-7)/(56/(-2812)) + 3/6 is divided by 115.
7
Suppose -27 + 3 = -2*v. Suppose -5*n + 3 = -v. Suppose 2*j - 36 = m - 3*m, 0 = 4*j + n*m - 72. Calculate the remainder when 49 is divided by j.
13
Let x(z) = 10*z**2 - 4*z + 11. Let d = 53 + -48. Suppose 3*i - d = 7. Calculate the remainder when x(i) is divided by 39.
38
Suppose -252 = -0*o + 4*o. Let d = o + 60. Calculate the remainder when 90 is divided by (0/d)/1 - -13.
12
W